e factors of 7574969.
7574969
What are the prime factors of 170657?
47, 3631
List the prime factors of 6649749.
3, 41, 6007
List the prime factors of 5614442.
2, 1051, 2671
List the prime factors of 3539978.
2, 13, 17, 8009
List the prime factors of 3702934.
2, 71, 89, 293
List the prime factors of 738920.
2, 5, 7, 13, 29
What are the prime factors of 15888039?
3, 5296013
What are the prime factors of 1393971?
3, 131, 3547
List the prime factors of 633092.
2, 163, 971
List the prime factors of 1004584.
2, 7, 17939
List the prime factors of 337966.
2, 29, 5827
List the prime factors of 716234.
2, 157, 2281
What are the prime factors of 16397778?
2, 3, 2732963
List the prime factors of 89369.
7, 17, 751
List the prime factors of 133942.
2, 193, 347
What are the prime factors of 7837?
17, 461
What are the prime factors of 4121215?
5, 7, 73, 1613
List the prime factors of 102907.
7, 61, 241
List the prime factors of 1513391.
11, 17, 8093
List the prime factors of 374368.
2, 11699
List the prime factors of 267298.
2, 133649
List the prime factors of 966767.
541, 1787
List the prime factors of 824999.
7, 19, 6203
What are the prime factors of 1721212?
2, 430303
List the prime factors of 1556402.
2, 778201
List the prime factors of 273540.
2, 3, 5, 47, 97
List the prime factors of 1348808.
2, 168601
List the prime factors of 2458521.
3, 13, 21013
List the prime factors of 5012452.
2, 31, 40423
List the prime factors of 984947.
984947
List the prime factors of 27263743.
13, 2097211
List the prime factors of 279264.
2, 3, 2909
List the prime factors of 500669.
13, 19, 2027
List the prime factors of 116935.
5, 7, 13, 257
List the prime factors of 328421.
328421
What are the prime factors of 603304?
2, 13, 5801
What are the prime factors of 3793433?
7, 77417
What are the prime factors of 1686888?
2, 3, 7, 3347
List the prime factors of 894111.
3, 491, 607
List the prime factors of 3414984.
2, 3, 19, 7489
List the prime factors of 232950.
2, 3, 5, 1553
List the prime factors of 2791875.
3, 5, 1489
What are the prime factors of 10358920?
2, 5, 11, 13, 1811
List the prime factors of 500576.
2, 15643
List the prime factors of 231865.
5, 79, 587
What are the prime factors of 316019?
11, 28729
List the prime factors of 912736.
2, 11, 2593
List the prime factors of 3709322.
2, 1854661
What are the prime factors of 1265219?
41, 30859
What are the prime factors of 2035371?
3, 13, 52189
List the prime factors of 6808850.
2, 5, 136177
List the prime factors of 135934.
2, 67967
List the prime factors of 2038739.
1163, 1753
List the prime factors of 1936754.
2, 968377
What are the prime factors of 268728?
2, 3, 11197
What are the prime factors of 181100?
2, 5, 1811
List the prime factors of 1056648.
2, 3, 44027
List the prime factors of 20215837.
601, 33637
List the prime factors of 3716388.
2, 3, 13, 2647
What are the prime factors of 2189957?
7, 11, 17, 239
What are the prime factors of 12940843?
19, 193, 3529
What are the prime factors of 2515487?
13, 23, 47, 179
What are the prime factors of 287355?
3, 5, 19157
What are the prime factors of 4813237?
11, 13, 97, 347
What are the prime factors of 15032061?
3, 11, 16871
What are the prime factors of 204109?
401, 509
List the prime factors of 369102.
2, 3, 227, 271
What are the prime factors of 20885?
5, 4177
List the prime factors of 31819438.
2, 7, 29, 181, 433
List the prime factors of 182778.
2, 3, 41, 743
What are the prime factors of 266848?
2, 31, 269
List the prime factors of 73955.
5, 7, 2113
What are the prime factors of 1975642?
2, 987821
List the prime factors of 2869200.
2, 3, 5, 797
What are the prime factors of 23283246?
2, 3, 7, 19, 163, 179
What are the prime factors of 1019952?
2, 3, 787
List the prime factors of 15512349.
3, 739, 6997
List the prime factors of 86742.
2, 3, 61, 79
What are the prime factors of 1501543?
41, 53, 691
List the prime factors of 1629002.
2, 814501
What are the prime factors of 1756846?
2, 7, 13, 197
What are the prime factors of 3925520?
2, 5, 49069
List the prime factors of 10669661.
79, 135059
List the prime factors of 209442.
2, 3, 67, 521
What are the prime factors of 865233?
3, 96137
List the prime factors of 1063355.
5, 212671
List the prime factors of 5442119.
5442119
What are the prime factors of 26699534?
2, 13349767
What are the prime factors of 176758?
2, 88379
What are the prime factors of 13695589?
13695589
What are the prime factors of 4748909?
11, 353, 1223
What are the prime factors of 5101707?
3, 13, 257, 509
What are the prime factors of 4999443?
3, 1666481
List the prime factors of 51461.
51461
List the prime factors of 795635.
5, 227, 701
What are the prime factors of 434710?
2, 5, 29, 1499
List the prime factors of 12542643.
3, 1393627
List the prime factors of 20640498.
2, 3, 19, 331, 547
What are the prime factors of 4742326?
2, 103, 23021
What are the prime factors of 476907?
3, 71, 2239
List the prime factors of 244455.
3, 5, 43, 379
List the prime factors of 8910022.
2, 11, 405001
List the prime factors of 92238.
2, 3, 15373
List the prime factors of 24973643.
3931, 6353
What are the prime factors of 5868321?
3, 19, 102953
What are the prime factors of 62548?
2, 19, 823
List the prime factors of 738308.
2, 184577
What are the prime factors of 4359838?
2, 7, 239, 1303
What are the prime factors of 1452406?
2, 179, 4057
List the prime factors of 184434.
2, 3, 59, 521
List the prime factors of 5085167.
5085167
What are the prime factors of 9944705?
5, 1988941
List the prime factors of 726602.
2, 41, 8861
List the prime factors of 1681374.
2, 3, 280229
What are the prime factors of 8797481?
7, 11, 61, 1873
List the prime factors of 240699.
3, 80233
List the prime factors of 401260.
2, 5, 20063
List the prime factors of 16845631.
11, 271, 5651
List the prime factors of 10085659.
10085659
What are the prime factors of 104710?
2, 5, 37, 283
List the prime factors of 263454.
2, 3, 19, 2311
List the prime factors of 35665154.
2, 7, 97, 26263
List the prime factors of 220074.
2, 3, 43, 853
What are the prime factors of 12338602?
2, 6169301
List the prime factors of 282992.
2, 23, 769
What are the prime factors of 522768?
2, 3, 10891
What are the prime factors of 1217520?
2, 3, 5, 19, 89
List the prime factors of 516182.
2, 61, 4231
What are the prime factors of 36301558?
2, 31, 179, 3271
List the prime factors of 29323424.
2, 13, 70489
List the prime factors of 27375435.
3, 5, 199, 1019
List the prime factors of 216856.
2, 27107
List the prime factors of 512061.
3, 11, 59, 263
List the prime factors of 605663.
19, 127, 251
What are the prime factors of 846269?
31, 27299
List the prime factors of 490077.
3, 7, 2593
What are the prime factors of 2511233?
97, 25889
List the prime factors of 3243452.
2, 19, 42677
What are the prime factors of 162628?
2, 109, 373
List the prime factors of 5915899.
11, 23, 67, 349
What are the prime factors of 31978595?
5, 11, 581429
What are the prime factors of 41474?
2, 89, 233
List the prime factors of 112.
2, 7
List the prime factors of 1648163.
11, 269, 557
List the prime factors of 18684771.
3, 7, 19, 46829
What are the prime factors of 4376263?
53, 82571
List the prime factors of 84713.
84713
What are the prime factors of 13615095?
3, 5, 13, 69821
List the prime factors of 9183232.
2, 19, 59
List the prime factors of 2852015.
5, 570403
What are the prime factors of 175568?
2, 10973
What are the prime factors of 835063?
83, 10061
What are the prime factors of 1612451?
1612451
What are the prime factors of 3145796?
2, 786449
What are the prime factors of 117232?
2, 17, 431
What are the prime factors of 1981217?
7, 40433
List the prime factors of 3394081.
277, 12253
What are the prime factors of 187762?
2, 269, 349
What are the prime factors of 383329?
71, 5399
List the prime factors of 1349228.
2, 19, 41, 433
List the prime factors of 6545687.
6545687
What are the prime factors of 155391?
3, 51797
List the prime factors of 454841.
19, 37, 647
What are the prime factors of 589696?
2, 17, 271
List the prime factors of 318022.
2, 19, 8369
List the prime factors of 22415.
5, 4483
List the prime factors of 8662624.
2, 167, 1621
List the prime factors of 337757.
7, 61, 113
List the prime factors of 24390.
2, 3, 5, 271
What 